er?
True
Let b be (92/(-8))/(3/(-30)). Let u = -127 - -349. Let x = b + u. Is x a composite number?
False
Let u(l) = -36*l**3 - l**2. Is u(-1) a prime number?
False
Let k = 33 + 16. Let q = 226 + -244. Let h = k - q. Is h a composite number?
False
Is 1195/(-20)*5/(5/(-12)) composite?
True
Let h = 40842 + -20869. Is h composite?
False
Suppose 3*l = 3*s + 11 + 10, -3*l = -6. Let c(j) = -2*j**3 - 6*j**2 + 7*j + 5. Let g be c(s). Suppose d = -d + g. Is d composite?
True
Let i be 3*((-24)/(-36))/((-2)/(-3)). Suppose -f = t + 3*t - 837, i*t - 2520 = -3*f. Is f composite?
True
Suppose -385 = -2*k + 1219. Let h = k - 115. Is h a prime number?
False
Let x be -1*6/(0 + 3). Let h be ((-632)/(-8))/((-1)/x). Let b = h - 84. Is b prime?
False
Let h(j) = 6*j + 10. Let l(d) = -d. Let a(o) = -h(o) - 3*l(o). Let n be a(-4). Suppose 0 = n*w - 1268 - 1518. Is w a composite number?
True
Let w be -2*(-655)/2 - 1. Suppose -1083 = -5*h - 3*n + n, 3*h - 3*n = w. Let x = h - 72. Is x composite?
True
Suppose 6*b - 16 = 7*b. Is 1148/b*4*-1 prime?
False
Let q = 7959 + 2026. Is q a prime number?
False
Let k(b) be the second derivative of 11*b**3 + b**2/2 - 7*b. Let a be k(-1). Let y = a + 118. Is y a prime number?
True
Suppose 5*b + 93 = -42. Let n(p) = 3*p**2 + 3*p - 2. Let k be n(-5). Let m = k + b. Is m prime?
True
Let o(q) = 6*q - 5. Suppose 5*b - 5*g - 35 = 0, -3*b + 19 = 5*g - 2. Is o(b) a prime number?
True
Let v(u) = 5*u - 11*u**3 - 3*u**2 - 4*u**2 + 3*u**2 + 1 + 6*u**2. Let x be v(-4). Suppose -3*r + x = -0*r. Is r prime?
True
Suppose -11*h = 7620 - 105069. Is h a prime number?
False
Let h be (-18)/(-54) + 150989/3. Suppose 7*k = 21*k - h. Is k prime?
False
Let q(j) = j**2 - 4*j + 644. Let a be q(0). Is a/6*3 + -3 composite?
True
Let b(z) = 11*z - 5*z - 4*z + z**2. Let j be b(-3). Suppose j*l + 2*l - 2705 = 0. Is l a prime number?
True
Let i = -1 - 1. Let m be (i + -5)*2/(-7). Is (-3966)/(-10) - m/(-5) composite?
False
Suppose 4*o = 20643 + 23073. Is o a composite number?
True
Let l(g) = g**2 + 9*g - 7. Let p be l(-10). Suppose -65 = p*a - 320. Suppose -30 = k - a. Is k composite?
True
Suppose 2*a - 3*a + 2 = 0. Let s(o) = 5*o**2 - 15 - 2*o**a + 5*o - 4*o**2 - 18*o. Is s(-10) a prime number?
False
Let y(k) = -1069*k + 694. Is y(-57) composite?
False
Let s be ((-4)/10)/((-17)/85). Suppose -4*x - s*w + 1206 = 0, 0 = 2*x + 3*x - 5*w - 1470. Is x a prime number?
False
Let i(v) = -17*v + 11. Let c be i(-6). Let a = c - 60. Is a composite?
False
Let q be (-35)/(-20) + (-4)/(-16). Suppose q*m = m + 1027. Is m a composite number?
True
Suppose 3*f - 7*j + 3*j - 385 = 0, 5 = -5*j. Is f a prime number?
True
Suppose 2*q + 34396 = l, -45*l + 2*q - 34416 = -46*l. Is l a composite number?
True
Let z(w) = 267*w - 40. Is z(23) a composite number?
False
Let t = 162 - 111. Is ((-2)/2 - t)*(-3601)/52 a composite number?
True
Let i = -2 + 4. Suppose 0 = -5*h + v + 632, -i*h + 4*v = 2*h - 496. Is h a composite number?
False
Let h(o) = -326*o**3 + o**2 + 2*o + 2. Is h(-1) a composite number?
True
Let q = 9617 + 335. Let k = 15471 - q. Is k composite?
False
Suppose 23*v + 713 = 24*v. Is v prime?
False
Suppose -5*l + 380 = 5*l. Is ((-74)/(-4))/((1/l)/1) a prime number?
False
Let v(i) = i**3 + i**2 - i + 1. Let r be v(0). Let s(b) = -b - 1 + 3*b - 3*b**2 + b**2 - 84*b**3 + 296*b**3. Is s(r) a composite number?
False
Let h(t) be the first derivative of -t**4/2 + 7*t**3/6 + 5*t**2 + 2. Let v(m) be the second derivative of h(m). Is v(-5) a composite number?
False
Let v(a) = 2*a**3 - 7*a**2 + 3*a + 5. Let x = -33 + 39. Is v(x) a prime number?
False
Let s(k) = -k + 4. Let c be s(4). Let x = -5 - -5. Suppose c*z + z - 19 = x. Is z prime?
True
Let d(b) = b**3 + 6*b**2 - 19*b + 11. Is d(9) prime?
False
Let d be (-5)/(5/(-3)) + -3. Suppose -2*f + 5*f - 12 = d. Suppose 3*z - 217 = f*q + q, 0 = z + 4*q - 95. Is z composite?
False
Suppose -2*r + l = -17005, 2*r - 7*r + 3*l = -42514. Is r prime?
True
Let l be 1/2 + 30/12. Suppose -2*t + 558 = l*j - 893, -2*j = 2*t - 966. Is j a composite number?
True
Suppose -754*u = -747*u - 157367. Is u prime?
True
Suppose 3*b + 2*b - 24486 = f, 4892 = b + 5*f. Is b a composite number?
True
Let w = -10 - -12. Let m = -37 - -24. Is (w - 1)*(228 + m) composite?
True
Let i be 8/(-20) + 3908/20. Let b = 380 - i. Is b composite?
True
Is (-12787 + 1)*((-88)/(-24) - 4) a prime number?
False
Let n be 10/20*(-2218 + 0). Is 2/1 - (n + -6) a prime number?
True
Let f(u) = -27*u**2 + 5*u - 9*u + 57*u**2 - 3. Is f(-1) a prime number?
True
Let x(w) = -w**2 + 23*w - 19. Let u be x(16). Suppose -q - 4 = -u. Is q prime?
True
Let w(x) be the second derivative of x**4/12 + x**3/6 + 5*x**2/2 - 3*x. Let b be (4/5)/(3/30). Is w(b) composite?
True
Suppose -56 = 9*m - 2*m. Let s(c) = -3*c**3 - 13*c**2 - 15*c - 15. Is s(m) prime?
True
Let w(i) = 30*i + 1. Let u be 12/(-8) - 41/(-2). Suppose 5*c = -o + u, 4*o - 8 = -5*c + 8. Is w(c) a prime number?
False
Let z(i) = -i**2 + 7*i - 14. Let t be z(4). Let r be -6*2/2 + t. Is ((-6097)/(-52))/((-2)/r) a prime number?
False
Let g be (-6)/(-12) - (0 + 2/4). Suppose -6*m + m + 5045 = g. Is m a composite number?
False
Suppose 4*c + x + 22 = 3*x, 3*c + 29 = -x. Is (-3031)/(-8) + (-1)/c prime?
True
Suppose 32*x - 40*x = -354352. Is x prime?
False
Let g(s) = s**2 - 4*s + 33. Is g(-28) prime?
True
Suppose -967 - 3863 = -5*z. Let k = z + -1760. Is (-2)/(1592/k - -2) composite?
False
Suppose -2*k - 3*k - 3120 = -5*s, -s = -5*k - 612. Let m = -350 + s. Is m a prime number?
True
Let b(t) = -3 + 63*t + 6*t**2 - 35*t + t**3 - 29*t. Let v be b(-6). Is (v - 4)*(-695)/5 prime?
True
Let d(u) = 27*u - 2. Let v(l) = -l**2 - 11*l + 9. Let x be v(-11). Let q = x + -5. Is d(q) composite?
True
Let b = 67 + -62. Suppose 2*y - 4*y + 462 = -2*t, 3*y + 4*t = 714. Suppose q - 3*u = 203, -b*q + 1181 = 2*u + y. Is q a composite number?
False
Is -15923*(1 - 2) + 4 a composite number?
True
Let p = -18174 - -44911. Is p composite?
False
Suppose -7*w + 110437 = -163. Suppose w = 5*n - 0*n + 5*h, -9474 = -3*n - 5*h. Is n a composite number?
False
Suppose 3*o = 3*b + 599 - 2210, 2*b + 4*o - 1098 = 0. Is b a composite number?
False
Suppose -108 - 3446 = -5*m + 3*o, 0 = 2*o + 6. Is m a prime number?
True
Let m = -1371 + 604. Let z = 1137 - -187. Let p = z + m. Is p a composite number?
False
Let l(d) = -49*d + 6. Let g(k) = -k + 1. Let a(z) = -6*g(z) + 2*l(z). Let w(t) = -92*t + 7. Let i(y) = -6*a(y) + 5*w(y). Is i(1) prime?
False
Suppose 2*c - 731 = 1409. Is (0 - -4) + c - 1 a composite number?
True
Let a(m) = 525*m - 323. Is a(20) a prime number?
True
Suppose 0 = 19*l - 15984 - 17323. Is l a prime number?
True
Let d be 3/((5 - 0)/5). Let f(n) = 21*n**3 + n**2 + 23*n**3 + 10 - n - 43*n**d. Is f(5) prime?
False
Is ((-2)/6)/(35/7385)*-33 a prime number?
False
Let r(z) = z**2 - 43*z + 21991. Is r(0) prime?
True
Let l(p) = p**3 + 41*p**2 - 77*p - 43. Is l(-24) prime?
True
Suppose -5*d + 4*d + 1891 = 5*g, g + 3*d = 367. Is g a composite number?
False
Let w be 1 - 32/5 - (-15)/(-25). Is ((w/(-3))/2)/((-2)/(-382)) prime?
True
Let h = 1 + 1. Suppose -h = -y + 3. Suppose -2*k = -j + 237, 0 = -j + y*k - 123 + 363. Is j composite?
True
Let n(i) = 177*i**3 - 3*i + 10. Let h(f) = 59*f**3 - f + 3. Let q(k) = 7*h(k) - 2*n(k). Is q(1) a composite number?
False
Is (-117356)/(-52) - 4/(-26) a composite number?
True
Let o = 9 - 17. Let b(h) = h + 11. Let y be b(o). Is 12/(-10)*(-15)/y prime?
False
Suppose -6*k + 249 = 69. Is 2682/k - 2/5 composite?
False
Let a be (-1)/3 + (-100)/6. Let g = a + 40. Let x = 138 + g. Is x a prime number?
False
Let p be (1/(-3))/((-1)/12). Is p + 0 + -8 + 173 prime?
False
Let h be (-25753)/(-63) + 0 + (-2)/(-9). Suppose 2*c + 559 = 5*k, 138 + h = 5*k + 4*c. Is k prime?
False
Let u(d) = 83*d**3 + d**2 - 17*d + 33. Is u(4) composite?
True
Suppose 5*t - 4 = 76. Let j = t + -3. Let c = j - -1. Is c composite?
True
Let s(v) = -959*v**3. Let a be s(-1). Suppose 5*j = -2*o + 1033 - 70, 2*o - a = -j. Is o a composite number?
False
Let h = 650 - -1107. Is h composite?
True
Let u(x) = -375*x + 2. Let s be u(1). Let w = -8 - s. Is w a composite number?
True
Suppose 3*k + 8 = 2*k + 5*o, -5*k + 2*o = -6. Suppose -k*u = u - 9. Is 53 + -1 + u + 3 composite?
True
Let q(u) = u**3 + 2*u**2